3224 - -4?
-3220
In base 6, what is -1125 + 34?
-1051
In base 14, what is -4 - 315?
-319
In base 15, what is -ec6 - -3?
-ec3
In base 11, what is 212 - -2?
214
In base 9, what is 6 + -80?
-73
In base 11, what is -33 + -261?
-294
In base 8, what is 373 + -3?
370
In base 5, what is -121 + -1?
-122
In base 16, what is -4 + -27?
-2b
In base 6, what is 4 + -433?
-425
In base 5, what is 41 + -13?
23
In base 3, what is 0 - -1122101?
1122101
In base 11, what is 26 + 74?
9a
In base 12, what is -25 - -31?
8
In base 6, what is -15 + -11?
-30
In base 7, what is -11 + -204?
-215
In base 8, what is -5552 + 2?
-5550
In base 9, what is 16 + 5?
22
In base 15, what is 0 - da8?
-da8
In base 15, what is -37 - -9?
-2d
In base 10, what is 1796 + -4?
1792
In base 4, what is -10023003 - 2?
-10023011
In base 11, what is 0 - 196?
-196
In base 8, what is -1 - -35?
34
In base 7, what is -2 - -525?
523
In base 10, what is -405 + -6?
-411
In base 5, what is -120 + 12?
-103
In base 15, what is 60 + 7?
67
In base 9, what is 22061 + 0?
22061
In base 8, what is 461 - 14?
445
In base 6, what is 32 - -111?
143
In base 2, what is -101 - 10101010?
-10101111
In base 8, what is 4 - 475?
-471
In base 13, what is -32 - 10?
-42
In base 2, what is -110 - -1001011000011?
1001010111101
In base 5, what is 4 + 42141?
42200
In base 10, what is 7972 - -3?
7975
In base 12, what is 16 + b?
25
In base 7, what is -2 - -6044?
6042
In base 7, what is 5 + 1333?
1341
In base 5, what is -4 - -132?
123
In base 13, what is -17178 + -5?
-17180
In base 9, what is 0 + -18?
-18
In base 15, what is -118 + 5?
-113
In base 13, what is 9 + -9a7?
-99b
In base 7, what is -120 + -3?
-123
In base 9, what is 13 - -71?
84
In base 10, what is 2 - 463?
-461
In base 14, what is -4b5 + -6?
-4bb
In base 6, what is -4 + -2?
-10
In base 4, what is 11 + -3230?
-3213
In base 2, what is 1110 - 100?
1010
In base 14, what is 97 + -2?
95
In base 11, what is -3 + -3686?
-3689
In base 2, what is -1011 - 1000?
-10011
In base 11, what is 819 + -1?
818
In base 10, what is -23 - -79?
56
In base 16, what is -1f + -5?
-24
In base 4, what is 10123 + 2?
10131
In base 14, what is 1 + -226?
-225
In base 2, what is 1001011 - 1000?
1000011
In base 5, what is -130 - 32?
-212
In base 13, what is 3 - 119?
-116
In base 6, what is 2 - -111?
113
In base 7, what is -603 - -5?
-565
In base 4, what is 11 - 3?
2
In base 13, what is 13 + 69?
7c
In base 2, what is -110 + 10101010?
10100100
In base 13, what is 264 - -5?
269
In base 16, what is -1c21 - -2?
-1c1f
In base 7, what is 0 + 1353?
1353
In base 5, what is 10 + 20434?
20444
In base 14, what is -8 - -34?
2a
In base 2, what is 1110 - -1?
1111
In base 4, what is 13103 - -11?
13120
In base 5, what is -223 + 110?
-113
In base 3, what is 21 + -1102?
-1011
In base 5, what is 4221 + 3?
4224
In base 6, what is 41003 + -4?
40555
In base 15, what is -b7 + -2?
-b9
In base 3, what is 11 - -11110?
11121
In base 6, what is 3 - -525?
532
In base 14, what is -5 - -a77?
a72
In base 10, what is 638 - 5?
633
In base 13, what is b + 27?
35
In base 3, what is 10010 + -1120?
1120
In base 4, what is 11 - 1200?
-1123
In base 6, what is 5 + -1545?
-1540
In base 12, what is -34 - -4?
-30
In base 10, what is -1 - -98?
97
In base 13, what is 5 - -508?
510
In base 6, what is -2340 - -2?
-2334
In base 3, what is 11 - -21222?
22010
In base 14, what is 13 + 16?
29
In base 6, what is -3 + 1?
-2
In base 16, what is -a + b?
1
In base 10, what is -8 + 1140?
1132
In base 15, what is -4 - -44?
40
In base 10, what is -9 - 23?
-32
In base 13, what is 3 - 51?
-4b
In base 8, what is 1526 + -3?
1523
In base 3, what is -2 - 20?
-22
In base 14, what is -5 - -17?
12
In base 16, what is 75 - 4?
71
In base 16, what is -5 - a13?
-a18
In base 14, what is -6 + 78?
72
In base 5, what is 3 + 20231?
20234
In base 2, what is 10 + 1010100000?
1010100010
In base 16, what is -1 + ca?
c9
In base 11, what is 4 - -34?
38
In base 9, what is -737 - 10?
-747
In base 3, what is -12 + 22102?
22020
In base 5, what is -3 - -1021?
1013
In base 4, what is -33210 + -1?
-33211
In base 16, what is -3 + -30?
-33
In base 11, what is 1 - 5?
-4
In base 11, what is 1 + -4?
-3
In base 8, what is 172 - -2?
174
In base 8, what is -11 + -1556?
-1567
In base 5, what is -134043 + -2?
-134100
In base 14, what is -207 - 5?
-20c
In base 2, what is -100 + 1101100?
1101000
In base 11, what is 0 + 4?
4
In base 12, what is -1 + 8a5?
8a4
In base 6, what is -2 - 313?
-315
In base 9, what is -3 + 1652?
1648
In base 13, what is -6 + -2?
-8
In base 12, what is 3 - -69?
70
In base 2, what is 100 - -111111001?
111111101
In base 4, what is -1 - -210?
203
In base 14, what is -93 - -44?
-4d
In base 13, what is 2 + 26?
28
In base 3, what is -1002011 - 11?
-1002022
In base 5, what is 1334 - 0?
1334
In base 12, what is -221 - -4?
-219
In base 14, what is 15 - -a?
21
In base 10, what is -2006 - -3?
-2003
In base 2, what is 10010110111 - 10001?
10010100110
In base 6, what is -531 + 3?
-524
In base 2, what is -100101001 - 110?
-100101111
In base 16, what is 5 + -35?
-30
In base 5, what is -11 + 314?
303
In base 10, what is 178 + 0?
178
In base 7, what is -11 + -45?
-56
In base 9, what is -5628 - -2?
-5626
In base 2, what is 101000101 + -111010?
100001011
In base 9, what is -218 + -5?
-224
In base 12, what is 3 + -39?
-36
In base 9, what is 257 + -13?
244
In base 6, what is 1 - -5302?
5303
In base 10, what is -1 + 1715?
1714
In base 13, what is 0 - 53?
-53
In base 10, what is 3 - -1796?
1799
In base 10, what is -4 + 448?
444
In base 8, what is 213 - -4?
217
In base 6, what is 3 + 22301?
22304
In base 11, what is -5 - -4?
-1
In base 7, what is -1150 - -11?
-1136
In base 4, what is 13 - 3231?
-3212
In base 3, what is -12 + 22022?
22010
In base 5, what is -211 - 20?
-231
In base 15, what is -4 + -465?
-469
In base 15, what is -237 + d?
-229
In base 15, what is -55 - 14?
-69
In base 8, what is -10074 - 4?
-10100
In base 14, what is c2 - 15?
ab
In base 5, what is 10 + -23010?
-23000
In base 16, what is -5 + 4e?
49
In base 6, what is 1 - 212?
-211
In base 9, what is -106 + 0?
-106
In base 7, what is -143 - 5?
-151
In base 6, what is 15333 - -5?
15342
In base 15, what is 165a - 0?
165a
In base 3, what is 21 + -201?
-110
In base 9, what is 2256 + -1?
2255
In base 16, what is 6 + 4?
a
In base 12, what is -1147 - 2?
-1149
In base 3, what is -10211 - 10?
-10221
In base 2, what is 110100011101 - -11?
110100100000
In base 13, what is -6c2 + -2?
-6c4
In base 3, what is -1 + 121101?
121100
In base 9, what is -2 - -53?
51
In base 9, what is 32 - 68?
-36
In base 2, what is 101 + -1010101111?
-1010101010
In base 12, what is 543 + 10?
553
In base 13, what is -6 + -b?
-14
In base 14, what is 0 - -c4?
c4
In base 15, what is -38 + -2?
-3a
In base 10, what is 6 - -14?
20
In base 15, what is -3 - -d7?
d4
In base 4, what is -3101 + 120?
-2321
In base 11, what is a7 - -5?
101
In base 4, what is 3 - -3320?
3323
In base 13, what is 8 + 40?
48
In base 6, what is -15 + 10?
-5
In base 5, what is 10 - -434?
444
In base 11, what is 6 + -232?
-227
In base 6, what is 432 - -3?
435
In base 11, what is 1 + -456?
-455
In base 2, what is 101 + -11000001001?
-11000000100
In base 8, what is 4 - 14511?
-14505
In base 5, what is -124 - 41?
-220
In base 15, what is 170 + 9?
179
In base 11, what is -74 - -21?
-53
In base 15, what is bb + -4?
b7
In base 16, what is 2 - f4?
-f2
In base 10, what is 3 - 627?
-624
In base 9, what is 1212 + 0?
1212
In base 11, what is -22a3 - -4?
-229a
In base 8, what is 2 - -37?
41
In base 6, what is 115 - -3?
122
In base 11, what is -34 - -1?
-33
In base 2, what is -100111100101 - 11?
-100111101000
In base 14, what is 21 - 0?
21
In base 12, what is -212b - 4?
-2133
In base 6, what is -325 - 2?
-331
In base 12, what is -1b + 127?
108
In base 5, what is 1324 + -10?
1314
In base 10, what is 3 + 42?
45
In base 2, what is -101 - 111?
-1100
In base 8, what is -1 - 10101?
-10102
In base 3, what is -12 + -2011202?
-2011221
In base 4, what is -11 - -203213?
203202
In base 10, what is -2343 - -1?
-2342
In base 16, what is -26 + 5?
-21
In base 12, what is -24 + 14?
-10
In base 9, what is -4 - 68?
-73
In base 13, what is 18 - 7?
11
In base 8, what is -45 + 1?
-44
In base 9, what is 0 - 10402?
-10402
In base 6, what is 1 - 24014?